Evaluate -6 + 5 + -1 + 4.
2
Calculate (-2 - 3 - -4) + 9 + -1.
7
What is the value of (-1 - 4) + 0 - -10?
5
Evaluate 1 + 1 - (9 - 6).
-1
Calculate -1 - (-14 - (0 - 7)).
6
-4 + 1 + 1 + 7 + -9
-4
(7 - 14) + 5 + 6
4
Calculate -8 - ((16 - 5) + -28).
9
What is the value of (-2 + 1 - -7) + -107 + 102?
1
What is (-8 - (-21 + 6) - 8) + -4?
-5
What is the value of 16 + -9 + 6 + -5?
8
What is -1 + -1 - (8 + -2 + -9)?
1
Evaluate -8 + (18 - (5 + 0)).
5
Calculate -6 + (0 - (5 + -7)) + -3.
-7
What is the value of 1 - 4 - (1 - 5)?
1
(3 - 1) + (6 - 6)
2
Calculate 5 + -3 + -5 + 1.
-2
Calculate 2 + -2 + (-1 - -1).
0
Evaluate 32 - 31 - (1 + 1).
-1
Calculate 5 + 5 + (1 - 0) + -8.
3
Calculate -2 + 3 - (3 + -3 + -3).
4
Evaluate 2 + 2 + (2 - (1 + 1)).
4
Calculate (6 - -1) + (-4 - -17 - 25).
-5
-8 - (5 + -11) - -1
-1
What is 13 + (-6 - 6) + (8 - 2)?
7
What is the value of (-1 - (0 + (1 - 1))) + 1?
0
4 - ((-2 - 4) + 8)
2
What is the value of -14 + (10 - (-11 + 10))?
-3
What is -7 + 22 - (-9 - -21)?
3
What is the value of (-6 - -1) + (2 - -2)?
-1
What is the value of -12 + (21 - 10 - (5 + 0))?
-6
Calculate 4 + (-8 - (7 - 3)) + 2.
-6
-1 - (1 + 0) - (206 - 217)
9
1 + 6 + (-25 - -24)
6
Evaluate -4 + (-3 - (3 + -5) - -3).
-2
-7 + 0 + 3 + -1
-5
Evaluate 3 - 1 - (5 + -3) - -2.
2
Calculate 6 - 9 - ((1 - 5) + 3).
-2
What is 1 + -2 + 2 + (-2 - -3)?
2
-1 + -5 + 9 - 3
0
What is the value of -1 - (-1 - -3) - 1 - 0?
-4
What is the value of (6 - 0) + -4 - -1?
3
What is the value of -5 - (2 + (-4 - (4 - 4)))?
-3
0 + -1 + 5 - 0 - 7
-3
8 - (-2 - (-4 - (3 - 2)))
5
Calculate 5 + (-5 - (-9 + 6)) - -1.
4
What is the value of -8 + -8 + (-4 - -17)?
-3
What is -1 + (3 - (-4 + (5 - -2)))?
-1
What is the value of 12 + (-5 - -1) + -5 - 8?
-5
What is the value of 11 - ((10 - -1) + -1)?
1
Evaluate 3 + (8 + -1 - 22) - -4.
-8
Calculate -3 - (2 + 6 + -17).
6
What is -1 - (-1 - (-5 + 9)) - 12?
-8
What is -4 - ((-3 - (-10 - -4)) + -3)?
-4
Calculate 5 - (11 + -2 - 1).
-3
(2 - (0 - 0)) + (426 - 429)
-1
Calculate -1 - 0 - -15 - (-7 + 14).
7
(-10 - (-2 - 2)) + 5 + -1
-2
Calculate (-5 - (5 - (-6 + 9))) + 17.
10
-5 - 1 - (4 - -12 - 14)
-8
What is the value of 3 - (9 - ((6 - 1) + -4))?
-5
Calculate (0 + -1 - 1) + -3.
-5
(-4 - -6) + 3 + -9
-4
Evaluate -6 + 0 - (4 + -1 + -9).
0
Evaluate -3 + 1 - (-5 + 5).
-2
What is the value of 5 + (6 + -3 - 6)?
2
Evaluate (15 - 19) + (2 - 4).
-6
Evaluate (14 + -5 - 0) + -9.
0
Evaluate -1 + 3 - (2 - -2 - 4).
2
Calculate (53 + -45 - (8 - -1)) + 2.
1
What is the value of (0 - 1) + (-5 - -12) + -2?
4
Calculate (0 - -1) + 1 + 8 + -6.
4
What is the value of -1 + 3 + 2 + 5 + -5?
4
Calculate 4 - ((-3 - (-3 - 0)) + 7).
-3
Evaluate -4 + -5 + -3 + 6 - -4.
-2
Evaluate (-3 + 5 - (-9 - -12)) + -2.
-3
-2 - -1 - 3 - -2 - 0
-2
Evaluate -3 - (-2 + (2 - 3)).
0
What is -5 + 3 - (-1 - 0)?
-1
What is the value of (2 - 5) + (-3 - -3)?
-3
-68 + 72 - (1 - 2)
5
79 + -91 - (-6 - 1)
-5
Evaluate (4 - 8) + 9 - -2 - 6.
1
5 + 5 + (0 - 7)
3
What is the value of (-3 - (7 - 3 - 1)) + 4?
-2
12 + (-4 - 1) + -8
-1
0 - 3 - (2 - 2)
-3
Calculate 2 - (18 - 7 - 4).
-5
What is the value of 11 - 6 - -1 - 5 - 1?
0
Evaluate 0 + 0 - (-4 - -2) - -1.
3
What is the value of -4 + (0 - -4) + 3?
3
Calculate (0 - -1) + (11 - 9 - 8).
-5
Evaluate 0 + -2 + (6 - 0 - 0).
4
What is the value of -28 - -21 - (-5 + 6)?
-8
4 + (5 - 1 - (-5 - -15))
-2
Calculate -33 - -38 - (5 - -1).
-1
Calculate (-8 - (-7 + 2)) + 2 + -4.
-5
What is (-6 - 0) + -1 + (-2 - -2)?
-7
Calculate 8 + (5 - (14 - 3)).
2
Calculate -13 + 1 + -12 + 35.
11
Calculate 17 + -12 - (1 + 0).
4
What is 2 + 0 + 3 + -4 + -4?
-3
7 - ((2 - 3 - -7) + -5)
6
Evaluate 0 - (4 - 10 - 1).
7
-1 - (4 - (4 + 0))
-1
What is -1 + 5 + (2 - 3)?
3
3 + 4 + 5 + -7 + 4
9
Evaluate 6 - (0 + 9 + (-4 - -5)).
-4
2 + -1 - (-2 - 3 - -13)
-7
What is the value of 8 + (-2 - ((3 - -1) + -2))?
4
-1 + (-2 - 0) + (-12 - -13)
-2
What is 0 + -3 - (0 + -2 + 4)?
-5
Evaluate 1 - (5 + 1 - (3 + 0)).
-2
What is the value of -3 - -6 - (-14 + 2 - -17)?
-2
(5 - (-3 + 5)) + -2
1
Calculate 4 - (3 - (1 - 0) - 4).
6
Evaluate -3 + 0 + 2 + (2 - 4).
-3
What is the value of (7 - (-2 - 0)) + -4?
5
Calculate -4 - (8 + (-5 - 7)).
0
What is -15 - (-5 + 1) - -5?
-6
What is (14 + -8 - 9) + 6?
3
What is the value of 11 + -3 - (-4 + 4 - -14)?
-6
What is -48 - -46 - (0 - -6)?
-8
What is (26 - (-5 + 12)) + -13?
6
7 + -7 + -2 + -1
-3
What is 3 + (-5 - (5 + -10))?
3
Evaluate -7 + 8 - -5 - (-3 - -15).
-6
What is 0 + 2 + -4 - (-3 + 0)?
1
Calculate 5 + 1 + (-8 - -3).
1
Calculate (0 - 2) + (1 - 4 - -6).
1
What is 12 + -1 - (36 + -30)?
5
-6 + -9 + (4 - -12)
1
What is ((-2 - -4) + -3 - 13) + 7?
-7
-18 + 1 + (14 - 4)
-7
(1 - 8) + (-5 - (-2 - 5))
-5
What is the value of (3 - 0) + (-9 - -8 - 6)?
-4
Evaluate -3 - (3 + 0 + -4) - 3.
-5
Calculate (4 - 3) + (0 - 1).
0
What is the value of (-3 - (5 + 0 + -3)) + 5?
0
Calculate -5 - ((-3 - 1) + (9 - 7)).
-3
What is the value of -3 - (5 + (-14 - -5))?
1
What is (-53 - -63) + (-10 - 1)?
-1
3 + (-7 - (-13 + 2))
7
Evaluate -6 - (-3 - 7 - 2).
6
What is -8 + 8 + -3 + 0?
-3
What is the value of 0 + 7 + (-6 - 7)?
-6
Evaluate -6 + 2 + (1 - -1 - 0).
-2
What is the value of (-13 - -4) + 5 - -1?
-3
What is -14 + 11 - (-1 - 2)?
0
What is (5 - -2) + -4 + -5 + 5?
3
What is the value of (-3 - -3) + (7 - 9)?
-2
Evaluate (11 - 8) + -4 + 6.
5
Calculate 13 + (14 - 8) + -16.
3
-2 + (-12 - -27) + -18
-5
7 - (-4 + 7) - 6
-2
Calculate -5 - -1 - (2 + -3 + 0).
-3
0 + -9 - 1 - -6
-4
18 + (0 - 2) + -4 + -7
5
What is (175 - 192) + (10 - 0)?
-7
Calculate (-2 - 0) + (0 - 0) - 2.
-4
What is the value of 4 - (-2 - -5 - (2 + 1))?
4
7 + (-2 - -3) + -6
2
Evaluate 0 + 2 + -9 + 2.
-5
-4 + 3 + -1 + -1
-3
Calculate 1 + -1 + (3 - (4 - 2)).
1
What is 9 - (2 - 3 - -6)?
4
What is the value of 0 + -5 + 4 + -4?
-5
Evaluate 14 + -6 + 1 - 4.
5
What is (1 - 1 - 2) + 4 + 1?
3
What is -2 - (-6 - (-4 + 0))?
0
What is 49 + -42 + -14 + -2 + 0?
-9
Evaluate 1 + 4 + -1 + (-55 - -48).
-3
-1 + 0 + 7 - (-1 - -7)
0
What is -3 - ((-3 - -1) + 0)?
-1
-5 + (10 - 14 - (3 + -5))
-7
What is (-5 + 7 - 5) + 4?
1
What is the value of -3 - (-2 + (0 - -2) + -1)?
-2
What is the value of -13 - (5 - 15) - 3?
-6
Evaluate (-1 - -3) + -13 + 10.
-1
Evaluate (4 - 2) + -5 + (-9 - -8).
-4
What is the value of -1 + 8 + 1 - 5?
3
What is the value of -3 + (9 - (7 - 0))?
-1
1 + 8 + -5 - 3
1
-3 + (9 - 8) + -1
-3
Evaluate -1 - (0 - (-7 - -3 - -5)).
0
Calculate -3 + 2 - (-2 + -2).
3
Evaluate (-2 - -7 - -1) + -4.
2
What is the value of -10 - 2 - (-14 - 5)?
7
-6 - (-2 - 0) - (-30 + 26)
0
Calculate -7 + 1 - (1 - 2).
-5
(-1 - 5 - -2) + -2
-6
Calculate 34 + -29 + -9 + 3 + -1.
-2
Calculate -25 + 9 + 5 + 7.
-4
Calculate -3 + (-7 - -9) + (-1 - 6).
-8
Evaluate -1 - -5 - (3 + -3).
4
-3 + (-1 - 1 - -3)
-2
What is -2 + 1 + 3 + (2 - 7)?
-3
What is 3 + (-7 - 9) + 6?
-7
1 - (2 + (-6 - (3 - 3)))
5
Evaluate 1 - (8 - (5 + -3)).
-5
Evaluate -14 + 19 + (2 - 8).
-1
Calculate 56 - 49 - (13 + -1).
-5
What is the value of -12 + -4 - -3 - -12?
-1
Evaluate 5 - 2 - 9 - -9.
3
Calculate -2 + -1 - 0 - (1 + -8).
4
What is -2 - 2 - (-4 - 2) - 9?
-7
Calculate -4 + 5 + -3 + 1.
-1
What is the value of (0 - 2) + (7 - (3 - 0))?
2
Evaluate -3 + (4 - (-5 + 3 + -2)).
5
Calculate -2 - ((-1 - 2) + 5).
-4
What is -7 + (-1 - -1 - (-14 - -4))?
3
What is the value of -4 - 1 - (-31 - -34)?
-8
2 + -7 + 3 + 7 + -1
4
What is -3 - (-10 + 5) - -1?
3
What is 10 + -8 - (-2 - 1)?
5
-21 - -21 - (2 - 0)
-2
Evaluate -9 + 0 - -3 - -2 - 1.
-5
Calculate 1 + (3 - 0 - (5 - 1)).
0
What is the value of -5 - (-2 - 3 - -4)?
-4
Evaluate -2 + -1 + 2 + 3 - -2.
4
What is -1 + 2 - (-8 + (1 - -12))?
-4
6 + (-4 - -3) + 2 + -3
4
Calculate (-116 - -111) + (7 - -1 - 0).
3
0 + 5 + 1 + -5 + -2
-1
What is the value of 11 + -7 - (3 - 0) - 6?
-5
-24 - -31 - (-10 - -2) - 6
9
Calculate (-5 - -2) + (2 - 2 - -6).
3
What is (12 - (33 + -12)) + 9?
0
What is the value of -1 - (-6 + 8 - (0 + 1))?
-2
What is the value of -2 + 1 + -1 + 0 + 3?
1
What is -1 - (1 + -11) - (64 - 57)?
2
Evaluate -2 - (0 - (3 - 0) - -2).
-1
6 + (-4 - -3) + -3 - -2
4
What is (2 - (-1 + 0)) + 4 + -4?
3
Evaluate 3 - ((4 - 1) + 5).
-5
What is the value of 8 + 2 + 22 + -32?
0
Evaluate (-7 - 2) + -14 + 22.
-1
What is the value of (-2 - -3) + 4 + (-4 - 0)?
1
Evaluate (4 - -5) + -1 - 0.
8
Evaluate -12 + 10 + 9 - 14.